{"id":182,"date":"2023-01-30T13:26:41","date_gmt":"2023-01-30T13:26:41","guid":{"rendered":"https:\/\/uabdtc.lt\/?post_type=product&#038;p=182"},"modified":"2023-01-30T13:45:03","modified_gmt":"2023-01-30T13:45:03","slug":"rotaciniai-duju-skaitikliai-delta","status":"publish","type":"product","link":"https:\/\/uabdtc.lt\/index.php\/produktas\/rotaciniai-duju-skaitikliai-delta\/","title":{"rendered":"Rotaciniai duj\u0173 skaitikliai Delta"},"content":{"rendered":"","protected":false},"excerpt":{"rendered":"<p>Rotaciniai duj\u0173 skaitikliai Delta. \u0160ie skaitikliai yra t\u016briniai skaitikliai ir naudojami, kai reikia labai tiksli\u0173 matavim\u0173 ir kai duj\u0173 srautas gali b\u016bti ma\u017eas arba nereguliarus. D\u0117l &#8222;Delta&#8221; skaitiklio t\u016brinio principo jo metrologijai neturi \u012ftakos \u012frengimo s\u0105lygos. Tod\u0117l j\u012f galima naudoti labai kompakti\u0161kose stotyse, prie\u0161 skaitikl\u012f ne\u012frengiant tiesaus vamzd\u017eio ruo\u017eo. Delta skaitikliai yra patvirtinti naudoti fiskalin\u0117ms reikm\u0117ms. Jie yra paruo\u0161ti i\u0161maniesiems poreikiams, t. y. visi jie pritaikyti duomen\u0173 perdavimo poreikiams ir gali b\u016bti komplektuojami su \u012fvairiais duomen\u0173 perdavimo moduliais.<\/p>\n","protected":false},"featured_media":183,"template":"","meta":{"neve_meta_sidebar":"","neve_meta_container":"","neve_meta_enable_content_width":"off","neve_meta_content_width":100,"neve_meta_title_alignment":"","neve_meta_author_avatar":"","neve_post_elements_order":"","neve_meta_disable_header":"","neve_meta_disable_footer":"","neve_meta_disable_title":""},"product_brand":[],"product_cat":[20],"product_tag":[],"class_list":{"0":"post-182","1":"product","2":"type-product","3":"status-publish","4":"has-post-thumbnail","6":"product_cat-buitiniai-ir-pramoniniai-duju-skaitikliai","8":"first","9":"instock","10":"shipping-taxable","11":"product-type-simple"},"yoast_head":"<!-- This site is optimized with the Yoast SEO plugin v27.3 - https:\/\/yoast.com\/product\/yoast-seo-wordpress\/ -->\n<title>Rotaciniai duj\u0173 skaitikliai Delta - Duj\u0173 technikos centras<\/title>\n<meta name=\"description\" content=\"Rotaciniai duj\u0173 skaitikliai Delta. \u0160ie skaitikliai yra t\u016briniai skaitikliai ir naudojami, kai reikia labai tiksli\u0173 matavim\u0173 ir kai duj\u0173 srautas gali b\u016bti ma\u017eas arba nereguliarus. D\u0117l &quot;Delta&quot; skaitiklio t\u016brinio principo jo metrologijai neturi \u012ftakos \u012frengimo s\u0105lygos. Tod\u0117l j\u012f galima naudoti labai kompakti\u0161kose stotyse, prie\u0161 skaitikl\u012f ne\u012frengiant tiesaus vamzd\u017eio ruo\u017eo. Delta skaitikliai yra patvirtinti naudoti fiskalin\u0117ms reikm\u0117ms. Jie yra paruo\u0161ti i\u0161maniesiems poreikiams, t. y. visi jie pritaikyti duomen\u0173 perdavimo poreikiams ir gali b\u016bti komplektuojami su \u012fvairiais duomen\u0173 perdavimo moduliais.\" \/>\n<meta name=\"robots\" content=\"index, follow, max-snippet:-1, max-image-preview:large, max-video-preview:-1\" \/>\n<link rel=\"canonical\" href=\"https:\/\/uabdtc.lt\/index.php\/produktas\/rotaciniai-duju-skaitikliai-delta\/\" \/>\n<meta property=\"og:locale\" content=\"lt_LT\" \/>\n<meta property=\"og:type\" content=\"article\" \/>\n<meta property=\"og:title\" content=\"Rotaciniai duj\u0173 skaitikliai Delta - Duj\u0173 technikos centras\" \/>\n<meta property=\"og:description\" content=\"Rotaciniai duj\u0173 skaitikliai Delta. \u0160ie skaitikliai yra t\u016briniai skaitikliai ir naudojami, kai reikia labai tiksli\u0173 matavim\u0173 ir kai duj\u0173 srautas gali b\u016bti ma\u017eas arba nereguliarus. D\u0117l &quot;Delta&quot; skaitiklio t\u016brinio principo jo metrologijai neturi \u012ftakos \u012frengimo s\u0105lygos. Tod\u0117l j\u012f galima naudoti labai kompakti\u0161kose stotyse, prie\u0161 skaitikl\u012f ne\u012frengiant tiesaus vamzd\u017eio ruo\u017eo. Delta skaitikliai yra patvirtinti naudoti fiskalin\u0117ms reikm\u0117ms. Jie yra paruo\u0161ti i\u0161maniesiems poreikiams, t. y. visi jie pritaikyti duomen\u0173 perdavimo poreikiams ir gali b\u016bti komplektuojami su \u012fvairiais duomen\u0173 perdavimo moduliais.\" \/>\n<meta property=\"og:url\" content=\"https:\/\/uabdtc.lt\/index.php\/produktas\/rotaciniai-duju-skaitikliai-delta\/\" \/>\n<meta property=\"og:site_name\" content=\"Duj\u0173 technikos centras\" \/>\n<meta property=\"article:modified_time\" content=\"2023-01-30T13:45:03+00:00\" \/>\n<meta property=\"og:image\" content=\"https:\/\/uabdtc.lt\/wp-content\/uploads\/2023\/01\/Picture2.png\" \/>\n\t<meta property=\"og:image:width\" content=\"369\" \/>\n\t<meta property=\"og:image:height\" content=\"369\" \/>\n\t<meta property=\"og:image:type\" content=\"image\/png\" \/>\n<meta name=\"twitter:card\" content=\"summary_large_image\" \/>\n<script type=\"application\/ld+json\" class=\"yoast-schema-graph\">{\"@context\":\"https:\\\/\\\/schema.org\",\"@graph\":[{\"@type\":\"WebPage\",\"@id\":\"https:\\\/\\\/uabdtc.lt\\\/index.php\\\/produktas\\\/rotaciniai-duju-skaitikliai-delta\\\/\",\"url\":\"https:\\\/\\\/uabdtc.lt\\\/index.php\\\/produktas\\\/rotaciniai-duju-skaitikliai-delta\\\/\",\"name\":\"Rotaciniai duj\u0173 skaitikliai Delta - Duj\u0173 technikos centras\",\"isPartOf\":{\"@id\":\"https:\\\/\\\/uabdtc.lt\\\/#website\"},\"primaryImageOfPage\":{\"@id\":\"https:\\\/\\\/uabdtc.lt\\\/index.php\\\/produktas\\\/rotaciniai-duju-skaitikliai-delta\\\/#primaryimage\"},\"image\":{\"@id\":\"https:\\\/\\\/uabdtc.lt\\\/index.php\\\/produktas\\\/rotaciniai-duju-skaitikliai-delta\\\/#primaryimage\"},\"thumbnailUrl\":\"https:\\\/\\\/uabdtc.lt\\\/wp-content\\\/uploads\\\/2023\\\/01\\\/Picture2.png\",\"datePublished\":\"2023-01-30T13:26:41+00:00\",\"dateModified\":\"2023-01-30T13:45:03+00:00\",\"description\":\"Rotaciniai duj\u0173 skaitikliai Delta. \u0160ie skaitikliai yra t\u016briniai skaitikliai ir naudojami, kai reikia labai tiksli\u0173 matavim\u0173 ir kai duj\u0173 srautas gali b\u016bti ma\u017eas arba nereguliarus. D\u0117l \\\"Delta\\\" skaitiklio t\u016brinio principo jo metrologijai neturi \u012ftakos \u012frengimo s\u0105lygos. Tod\u0117l j\u012f galima naudoti labai kompakti\u0161kose stotyse, prie\u0161 skaitikl\u012f ne\u012frengiant tiesaus vamzd\u017eio ruo\u017eo. Delta skaitikliai yra patvirtinti naudoti fiskalin\u0117ms reikm\u0117ms. Jie yra paruo\u0161ti i\u0161maniesiems poreikiams, t. y. visi jie pritaikyti duomen\u0173 perdavimo poreikiams ir gali b\u016bti komplektuojami su \u012fvairiais duomen\u0173 perdavimo moduliais.\",\"breadcrumb\":{\"@id\":\"https:\\\/\\\/uabdtc.lt\\\/index.php\\\/produktas\\\/rotaciniai-duju-skaitikliai-delta\\\/#breadcrumb\"},\"inLanguage\":\"lt-LT\",\"potentialAction\":[{\"@type\":\"ReadAction\",\"target\":[\"https:\\\/\\\/uabdtc.lt\\\/index.php\\\/produktas\\\/rotaciniai-duju-skaitikliai-delta\\\/\"]}]},{\"@type\":\"ImageObject\",\"inLanguage\":\"lt-LT\",\"@id\":\"https:\\\/\\\/uabdtc.lt\\\/index.php\\\/produktas\\\/rotaciniai-duju-skaitikliai-delta\\\/#primaryimage\",\"url\":\"https:\\\/\\\/uabdtc.lt\\\/wp-content\\\/uploads\\\/2023\\\/01\\\/Picture2.png\",\"contentUrl\":\"https:\\\/\\\/uabdtc.lt\\\/wp-content\\\/uploads\\\/2023\\\/01\\\/Picture2.png\",\"width\":369,\"height\":369},{\"@type\":\"BreadcrumbList\",\"@id\":\"https:\\\/\\\/uabdtc.lt\\\/index.php\\\/produktas\\\/rotaciniai-duju-skaitikliai-delta\\\/#breadcrumb\",\"itemListElement\":[{\"@type\":\"ListItem\",\"position\":1,\"name\":\"Home\",\"item\":\"https:\\\/\\\/uabdtc.lt\\\/\"},{\"@type\":\"ListItem\",\"position\":2,\"name\":\"Parduotuv\u0117\",\"item\":\"https:\\\/\\\/uabdtc.lt\\\/index.php\\\/parduotuve\\\/\"},{\"@type\":\"ListItem\",\"position\":3,\"name\":\"Rotaciniai duj\u0173 skaitikliai Delta\"}]},{\"@type\":\"WebSite\",\"@id\":\"https:\\\/\\\/uabdtc.lt\\\/#website\",\"url\":\"https:\\\/\\\/uabdtc.lt\\\/\",\"name\":\"Duj\u0173 technikos centras\",\"description\":\"\",\"publisher\":{\"@id\":\"https:\\\/\\\/uabdtc.lt\\\/#organization\"},\"potentialAction\":[{\"@type\":\"SearchAction\",\"target\":{\"@type\":\"EntryPoint\",\"urlTemplate\":\"https:\\\/\\\/uabdtc.lt\\\/?s={search_term_string}\"},\"query-input\":{\"@type\":\"PropertyValueSpecification\",\"valueRequired\":true,\"valueName\":\"search_term_string\"}}],\"inLanguage\":\"lt-LT\"},{\"@type\":\"Organization\",\"@id\":\"https:\\\/\\\/uabdtc.lt\\\/#organization\",\"name\":\"Duj\u0173 technikos centras\",\"url\":\"https:\\\/\\\/uabdtc.lt\\\/\",\"logo\":{\"@type\":\"ImageObject\",\"inLanguage\":\"lt-LT\",\"@id\":\"https:\\\/\\\/uabdtc.lt\\\/#\\\/schema\\\/logo\\\/image\\\/\",\"url\":\"\",\"contentUrl\":\"\",\"caption\":\"Duj\u0173 technikos centras\"},\"image\":{\"@id\":\"https:\\\/\\\/uabdtc.lt\\\/#\\\/schema\\\/logo\\\/image\\\/\"}}]}<\/script>\n<!-- \/ Yoast SEO plugin. -->","yoast_head_json":{"title":"Rotaciniai duj\u0173 skaitikliai Delta - Duj\u0173 technikos centras","description":"Rotaciniai duj\u0173 skaitikliai Delta. \u0160ie skaitikliai yra t\u016briniai skaitikliai ir naudojami, kai reikia labai tiksli\u0173 matavim\u0173 ir kai duj\u0173 srautas gali b\u016bti ma\u017eas arba nereguliarus. D\u0117l \"Delta\" skaitiklio t\u016brinio principo jo metrologijai neturi \u012ftakos \u012frengimo s\u0105lygos. Tod\u0117l j\u012f galima naudoti labai kompakti\u0161kose stotyse, prie\u0161 skaitikl\u012f ne\u012frengiant tiesaus vamzd\u017eio ruo\u017eo. Delta skaitikliai yra patvirtinti naudoti fiskalin\u0117ms reikm\u0117ms. Jie yra paruo\u0161ti i\u0161maniesiems poreikiams, t. y. visi jie pritaikyti duomen\u0173 perdavimo poreikiams ir gali b\u016bti komplektuojami su \u012fvairiais duomen\u0173 perdavimo moduliais.","robots":{"index":"index","follow":"follow","max-snippet":"max-snippet:-1","max-image-preview":"max-image-preview:large","max-video-preview":"max-video-preview:-1"},"canonical":"https:\/\/uabdtc.lt\/index.php\/produktas\/rotaciniai-duju-skaitikliai-delta\/","og_locale":"lt_LT","og_type":"article","og_title":"Rotaciniai duj\u0173 skaitikliai Delta - Duj\u0173 technikos centras","og_description":"Rotaciniai duj\u0173 skaitikliai Delta. \u0160ie skaitikliai yra t\u016briniai skaitikliai ir naudojami, kai reikia labai tiksli\u0173 matavim\u0173 ir kai duj\u0173 srautas gali b\u016bti ma\u017eas arba nereguliarus. D\u0117l \"Delta\" skaitiklio t\u016brinio principo jo metrologijai neturi \u012ftakos \u012frengimo s\u0105lygos. Tod\u0117l j\u012f galima naudoti labai kompakti\u0161kose stotyse, prie\u0161 skaitikl\u012f ne\u012frengiant tiesaus vamzd\u017eio ruo\u017eo. Delta skaitikliai yra patvirtinti naudoti fiskalin\u0117ms reikm\u0117ms. Jie yra paruo\u0161ti i\u0161maniesiems poreikiams, t. y. visi jie pritaikyti duomen\u0173 perdavimo poreikiams ir gali b\u016bti komplektuojami su \u012fvairiais duomen\u0173 perdavimo moduliais.","og_url":"https:\/\/uabdtc.lt\/index.php\/produktas\/rotaciniai-duju-skaitikliai-delta\/","og_site_name":"Duj\u0173 technikos centras","article_modified_time":"2023-01-30T13:45:03+00:00","og_image":[{"width":369,"height":369,"url":"https:\/\/uabdtc.lt\/wp-content\/uploads\/2023\/01\/Picture2.png","type":"image\/png"}],"twitter_card":"summary_large_image","schema":{"@context":"https:\/\/schema.org","@graph":[{"@type":"WebPage","@id":"https:\/\/uabdtc.lt\/index.php\/produktas\/rotaciniai-duju-skaitikliai-delta\/","url":"https:\/\/uabdtc.lt\/index.php\/produktas\/rotaciniai-duju-skaitikliai-delta\/","name":"Rotaciniai duj\u0173 skaitikliai Delta - Duj\u0173 technikos centras","isPartOf":{"@id":"https:\/\/uabdtc.lt\/#website"},"primaryImageOfPage":{"@id":"https:\/\/uabdtc.lt\/index.php\/produktas\/rotaciniai-duju-skaitikliai-delta\/#primaryimage"},"image":{"@id":"https:\/\/uabdtc.lt\/index.php\/produktas\/rotaciniai-duju-skaitikliai-delta\/#primaryimage"},"thumbnailUrl":"https:\/\/uabdtc.lt\/wp-content\/uploads\/2023\/01\/Picture2.png","datePublished":"2023-01-30T13:26:41+00:00","dateModified":"2023-01-30T13:45:03+00:00","description":"Rotaciniai duj\u0173 skaitikliai Delta. \u0160ie skaitikliai yra t\u016briniai skaitikliai ir naudojami, kai reikia labai tiksli\u0173 matavim\u0173 ir kai duj\u0173 srautas gali b\u016bti ma\u017eas arba nereguliarus. D\u0117l \"Delta\" skaitiklio t\u016brinio principo jo metrologijai neturi \u012ftakos \u012frengimo s\u0105lygos. Tod\u0117l j\u012f galima naudoti labai kompakti\u0161kose stotyse, prie\u0161 skaitikl\u012f ne\u012frengiant tiesaus vamzd\u017eio ruo\u017eo. Delta skaitikliai yra patvirtinti naudoti fiskalin\u0117ms reikm\u0117ms. Jie yra paruo\u0161ti i\u0161maniesiems poreikiams, t. y. visi jie pritaikyti duomen\u0173 perdavimo poreikiams ir gali b\u016bti komplektuojami su \u012fvairiais duomen\u0173 perdavimo moduliais.","breadcrumb":{"@id":"https:\/\/uabdtc.lt\/index.php\/produktas\/rotaciniai-duju-skaitikliai-delta\/#breadcrumb"},"inLanguage":"lt-LT","potentialAction":[{"@type":"ReadAction","target":["https:\/\/uabdtc.lt\/index.php\/produktas\/rotaciniai-duju-skaitikliai-delta\/"]}]},{"@type":"ImageObject","inLanguage":"lt-LT","@id":"https:\/\/uabdtc.lt\/index.php\/produktas\/rotaciniai-duju-skaitikliai-delta\/#primaryimage","url":"https:\/\/uabdtc.lt\/wp-content\/uploads\/2023\/01\/Picture2.png","contentUrl":"https:\/\/uabdtc.lt\/wp-content\/uploads\/2023\/01\/Picture2.png","width":369,"height":369},{"@type":"BreadcrumbList","@id":"https:\/\/uabdtc.lt\/index.php\/produktas\/rotaciniai-duju-skaitikliai-delta\/#breadcrumb","itemListElement":[{"@type":"ListItem","position":1,"name":"Home","item":"https:\/\/uabdtc.lt\/"},{"@type":"ListItem","position":2,"name":"Parduotuv\u0117","item":"https:\/\/uabdtc.lt\/index.php\/parduotuve\/"},{"@type":"ListItem","position":3,"name":"Rotaciniai duj\u0173 skaitikliai Delta"}]},{"@type":"WebSite","@id":"https:\/\/uabdtc.lt\/#website","url":"https:\/\/uabdtc.lt\/","name":"Duj\u0173 technikos centras","description":"","publisher":{"@id":"https:\/\/uabdtc.lt\/#organization"},"potentialAction":[{"@type":"SearchAction","target":{"@type":"EntryPoint","urlTemplate":"https:\/\/uabdtc.lt\/?s={search_term_string}"},"query-input":{"@type":"PropertyValueSpecification","valueRequired":true,"valueName":"search_term_string"}}],"inLanguage":"lt-LT"},{"@type":"Organization","@id":"https:\/\/uabdtc.lt\/#organization","name":"Duj\u0173 technikos centras","url":"https:\/\/uabdtc.lt\/","logo":{"@type":"ImageObject","inLanguage":"lt-LT","@id":"https:\/\/uabdtc.lt\/#\/schema\/logo\/image\/","url":"","contentUrl":"","caption":"Duj\u0173 technikos centras"},"image":{"@id":"https:\/\/uabdtc.lt\/#\/schema\/logo\/image\/"}}]}},"_links":{"self":[{"href":"https:\/\/uabdtc.lt\/index.php\/wp-json\/wp\/v2\/product\/182","targetHints":{"allow":["GET"]}}],"collection":[{"href":"https:\/\/uabdtc.lt\/index.php\/wp-json\/wp\/v2\/product"}],"about":[{"href":"https:\/\/uabdtc.lt\/index.php\/wp-json\/wp\/v2\/types\/product"}],"wp:featuredmedia":[{"embeddable":true,"href":"https:\/\/uabdtc.lt\/index.php\/wp-json\/wp\/v2\/media\/183"}],"wp:attachment":[{"href":"https:\/\/uabdtc.lt\/index.php\/wp-json\/wp\/v2\/media?parent=182"}],"wp:term":[{"taxonomy":"product_brand","embeddable":true,"href":"https:\/\/uabdtc.lt\/index.php\/wp-json\/wp\/v2\/product_brand?post=182"},{"taxonomy":"product_cat","embeddable":true,"href":"https:\/\/uabdtc.lt\/index.php\/wp-json\/wp\/v2\/product_cat?post=182"},{"taxonomy":"product_tag","embeddable":true,"href":"https:\/\/uabdtc.lt\/index.php\/wp-json\/wp\/v2\/product_tag?post=182"}],"curies":[{"name":"wp","href":"https:\/\/api.w.org\/{rel}","templated":true}]}}