{"id":186,"date":"2023-01-30T13:35:46","date_gmt":"2023-01-30T13:35:46","guid":{"rendered":"https:\/\/uabdtc.lt\/?post_type=product&#038;p=186"},"modified":"2023-01-30T13:45:31","modified_gmt":"2023-01-30T13:45:31","slug":"fluxi-2000-tz-turbininiai-duju-skaitikliai","status":"publish","type":"product","link":"https:\/\/uabdtc.lt\/index.php\/produktas\/fluxi-2000-tz-turbininiai-duju-skaitikliai\/","title":{"rendered":"Fluxi 2000\/TZ Turbininiai duj\u0173 skaitikliai"},"content":{"rendered":"","protected":false},"excerpt":{"rendered":"<p>Fluxi 2000\/TZ Turbininiai duj\u0173 skaitikliai &#8211; tai srauto matuokliai, naudojami vidutiniam ir dideliam duj\u0173 srautui matuoti, esant \u017eemam, vidutiniam arba auk\u0161tam sl\u0117giui. &#8222;Fluxi 2000\/TZ&#8221; skaitikliai optimizuoti naudoti visose su duj\u0173 transportavimu ir paskirstymu susijusiose srityse. Fluxi 2000\/TZ skaitikliai yra patvirtinti naudoti fiskalin\u0117ms reikm\u0117ms. jie yra &#8222;smart ready&#8221;, t. y. visi skaitikliai yra pritaikyti duomen\u0173 perdavimo poreikiams ir gali b\u016bti komplektuojami su \u012fvairiais duomen\u0173 perdavimo moduliais.<\/p>\n<p>MZ skaitikliai &#8211; tai srauto matuokliai, naudojami ma\u017eam, vidutiniam ir dideliam srautui matuoti, esant ma\u017eam, vidutiniam arba dideliam sl\u0117giui. Jie specialiai sukurti pramoniniam naudojimui ir antriniam matavimui, kai n\u0117ra b\u016btina komercin\u0117 apskaita. Galimyb\u0117 montuoti \u012fvairias parinktis, pavyzd\u017eiui, tepalo siurbl\u012f arba PTFE dangos versij\u0105, rei\u0161kia, kad jie taip pat tinkami naudoti matuojant dideliu apkrovimu.<\/p>\n","protected":false},"featured_media":188,"template":"","meta":{"neve_meta_sidebar":"","neve_meta_container":"","neve_meta_enable_content_width":"off","neve_meta_content_width":100,"neve_meta_title_alignment":"","neve_meta_author_avatar":"","neve_post_elements_order":"","neve_meta_disable_header":"","neve_meta_disable_footer":"","neve_meta_disable_title":""},"product_brand":[],"product_cat":[20],"product_tag":[],"class_list":{"0":"post-186","1":"product","2":"type-product","3":"status-publish","4":"has-post-thumbnail","6":"product_cat-buitiniai-ir-pramoniniai-duju-skaitikliai","8":"first","9":"instock","10":"shipping-taxable","11":"product-type-simple"},"yoast_head":"<!-- This site is optimized with the Yoast SEO plugin v27.3 - https:\/\/yoast.com\/product\/yoast-seo-wordpress\/ -->\n<title>Fluxi 2000\/TZ Turbininiai duj\u0173 skaitikliai - Duj\u0173 technikos centras<\/title>\n<meta name=\"robots\" content=\"index, follow, max-snippet:-1, max-image-preview:large, max-video-preview:-1\" \/>\n<link rel=\"canonical\" href=\"https:\/\/uabdtc.lt\/index.php\/produktas\/fluxi-2000-tz-turbininiai-duju-skaitikliai\/\" \/>\n<meta property=\"og:locale\" content=\"lt_LT\" \/>\n<meta property=\"og:type\" content=\"article\" \/>\n<meta property=\"og:title\" content=\"Fluxi 2000\/TZ Turbininiai duj\u0173 skaitikliai - Duj\u0173 technikos centras\" \/>\n<meta property=\"og:description\" content=\"Fluxi 2000\/TZ Turbininiai duj\u0173 skaitikliai - tai srauto matuokliai, naudojami vidutiniam ir dideliam duj\u0173 srautui matuoti, esant \u017eemam, vidutiniam arba auk\u0161tam sl\u0117giui. &quot;Fluxi 2000\/TZ&quot; skaitikliai optimizuoti naudoti visose su duj\u0173 transportavimu ir paskirstymu susijusiose srityse. Fluxi 2000\/TZ skaitikliai yra patvirtinti naudoti fiskalin\u0117ms reikm\u0117ms. jie yra &quot;smart ready&quot;, t. y. visi skaitikliai yra pritaikyti duomen\u0173 perdavimo poreikiams ir gali b\u016bti komplektuojami su \u012fvairiais duomen\u0173 perdavimo moduliais.  MZ skaitikliai - tai srauto matuokliai, naudojami ma\u017eam, vidutiniam ir dideliam srautui matuoti, esant ma\u017eam, vidutiniam arba dideliam sl\u0117giui. Jie specialiai sukurti pramoniniam naudojimui ir antriniam matavimui, kai n\u0117ra b\u016btina komercin\u0117 apskaita. Galimyb\u0117 montuoti \u012fvairias parinktis, pavyzd\u017eiui, tepalo siurbl\u012f arba PTFE dangos versij\u0105, rei\u0161kia, kad jie taip pat tinkami naudoti matuojant dideliu apkrovimu.\" \/>\n<meta property=\"og:url\" content=\"https:\/\/uabdtc.lt\/index.php\/produktas\/fluxi-2000-tz-turbininiai-duju-skaitikliai\/\" \/>\n<meta property=\"og:site_name\" content=\"Duj\u0173 technikos centras\" \/>\n<meta property=\"article:modified_time\" content=\"2023-01-30T13:45:31+00:00\" \/>\n<meta property=\"og:image\" content=\"https:\/\/uabdtc.lt\/wp-content\/uploads\/2023\/01\/Fluxi2000TZjpg-1.jpg\" \/>\n\t<meta property=\"og:image:width\" content=\"1000\" \/>\n\t<meta property=\"og:image:height\" content=\"1000\" \/>\n\t<meta property=\"og:image:type\" content=\"image\/jpeg\" \/>\n<meta name=\"twitter:card\" content=\"summary_large_image\" \/>\n<script type=\"application\/ld+json\" class=\"yoast-schema-graph\">{\"@context\":\"https:\\\/\\\/schema.org\",\"@graph\":[{\"@type\":\"WebPage\",\"@id\":\"https:\\\/\\\/uabdtc.lt\\\/index.php\\\/produktas\\\/fluxi-2000-tz-turbininiai-duju-skaitikliai\\\/\",\"url\":\"https:\\\/\\\/uabdtc.lt\\\/index.php\\\/produktas\\\/fluxi-2000-tz-turbininiai-duju-skaitikliai\\\/\",\"name\":\"Fluxi 2000\\\/TZ Turbininiai duj\u0173 skaitikliai - Duj\u0173 technikos centras\",\"isPartOf\":{\"@id\":\"https:\\\/\\\/uabdtc.lt\\\/#website\"},\"primaryImageOfPage\":{\"@id\":\"https:\\\/\\\/uabdtc.lt\\\/index.php\\\/produktas\\\/fluxi-2000-tz-turbininiai-duju-skaitikliai\\\/#primaryimage\"},\"image\":{\"@id\":\"https:\\\/\\\/uabdtc.lt\\\/index.php\\\/produktas\\\/fluxi-2000-tz-turbininiai-duju-skaitikliai\\\/#primaryimage\"},\"thumbnailUrl\":\"https:\\\/\\\/uabdtc.lt\\\/wp-content\\\/uploads\\\/2023\\\/01\\\/Fluxi2000TZjpg-1.jpg\",\"datePublished\":\"2023-01-30T13:35:46+00:00\",\"dateModified\":\"2023-01-30T13:45:31+00:00\",\"breadcrumb\":{\"@id\":\"https:\\\/\\\/uabdtc.lt\\\/index.php\\\/produktas\\\/fluxi-2000-tz-turbininiai-duju-skaitikliai\\\/#breadcrumb\"},\"inLanguage\":\"lt-LT\",\"potentialAction\":[{\"@type\":\"ReadAction\",\"target\":[\"https:\\\/\\\/uabdtc.lt\\\/index.php\\\/produktas\\\/fluxi-2000-tz-turbininiai-duju-skaitikliai\\\/\"]}]},{\"@type\":\"ImageObject\",\"inLanguage\":\"lt-LT\",\"@id\":\"https:\\\/\\\/uabdtc.lt\\\/index.php\\\/produktas\\\/fluxi-2000-tz-turbininiai-duju-skaitikliai\\\/#primaryimage\",\"url\":\"https:\\\/\\\/uabdtc.lt\\\/wp-content\\\/uploads\\\/2023\\\/01\\\/Fluxi2000TZjpg-1.jpg\",\"contentUrl\":\"https:\\\/\\\/uabdtc.lt\\\/wp-content\\\/uploads\\\/2023\\\/01\\\/Fluxi2000TZjpg-1.jpg\",\"width\":1000,\"height\":1000},{\"@type\":\"BreadcrumbList\",\"@id\":\"https:\\\/\\\/uabdtc.lt\\\/index.php\\\/produktas\\\/fluxi-2000-tz-turbininiai-duju-skaitikliai\\\/#breadcrumb\",\"itemListElement\":[{\"@type\":\"ListItem\",\"position\":1,\"name\":\"Home\",\"item\":\"https:\\\/\\\/uabdtc.lt\\\/\"},{\"@type\":\"ListItem\",\"position\":2,\"name\":\"Parduotuv\u0117\",\"item\":\"https:\\\/\\\/uabdtc.lt\\\/index.php\\\/parduotuve\\\/\"},{\"@type\":\"ListItem\",\"position\":3,\"name\":\"Fluxi 2000\\\/TZ Turbininiai duj\u0173 skaitikliai\"}]},{\"@type\":\"WebSite\",\"@id\":\"https:\\\/\\\/uabdtc.lt\\\/#website\",\"url\":\"https:\\\/\\\/uabdtc.lt\\\/\",\"name\":\"Duj\u0173 technikos centras\",\"description\":\"\",\"publisher\":{\"@id\":\"https:\\\/\\\/uabdtc.lt\\\/#organization\"},\"potentialAction\":[{\"@type\":\"SearchAction\",\"target\":{\"@type\":\"EntryPoint\",\"urlTemplate\":\"https:\\\/\\\/uabdtc.lt\\\/?s={search_term_string}\"},\"query-input\":{\"@type\":\"PropertyValueSpecification\",\"valueRequired\":true,\"valueName\":\"search_term_string\"}}],\"inLanguage\":\"lt-LT\"},{\"@type\":\"Organization\",\"@id\":\"https:\\\/\\\/uabdtc.lt\\\/#organization\",\"name\":\"Duj\u0173 technikos centras\",\"url\":\"https:\\\/\\\/uabdtc.lt\\\/\",\"logo\":{\"@type\":\"ImageObject\",\"inLanguage\":\"lt-LT\",\"@id\":\"https:\\\/\\\/uabdtc.lt\\\/#\\\/schema\\\/logo\\\/image\\\/\",\"url\":\"\",\"contentUrl\":\"\",\"caption\":\"Duj\u0173 technikos centras\"},\"image\":{\"@id\":\"https:\\\/\\\/uabdtc.lt\\\/#\\\/schema\\\/logo\\\/image\\\/\"}}]}<\/script>\n<!-- \/ Yoast SEO plugin. -->","yoast_head_json":{"title":"Fluxi 2000\/TZ Turbininiai duj\u0173 skaitikliai - Duj\u0173 technikos centras","robots":{"index":"index","follow":"follow","max-snippet":"max-snippet:-1","max-image-preview":"max-image-preview:large","max-video-preview":"max-video-preview:-1"},"canonical":"https:\/\/uabdtc.lt\/index.php\/produktas\/fluxi-2000-tz-turbininiai-duju-skaitikliai\/","og_locale":"lt_LT","og_type":"article","og_title":"Fluxi 2000\/TZ Turbininiai duj\u0173 skaitikliai - Duj\u0173 technikos centras","og_description":"Fluxi 2000\/TZ Turbininiai duj\u0173 skaitikliai - tai srauto matuokliai, naudojami vidutiniam ir dideliam duj\u0173 srautui matuoti, esant \u017eemam, vidutiniam arba auk\u0161tam sl\u0117giui. \"Fluxi 2000\/TZ\" skaitikliai optimizuoti naudoti visose su duj\u0173 transportavimu ir paskirstymu susijusiose srityse. Fluxi 2000\/TZ skaitikliai yra patvirtinti naudoti fiskalin\u0117ms reikm\u0117ms. jie yra \"smart ready\", t. y. visi skaitikliai yra pritaikyti duomen\u0173 perdavimo poreikiams ir gali b\u016bti komplektuojami su \u012fvairiais duomen\u0173 perdavimo moduliais.  MZ skaitikliai - tai srauto matuokliai, naudojami ma\u017eam, vidutiniam ir dideliam srautui matuoti, esant ma\u017eam, vidutiniam arba dideliam sl\u0117giui. Jie specialiai sukurti pramoniniam naudojimui ir antriniam matavimui, kai n\u0117ra b\u016btina komercin\u0117 apskaita. Galimyb\u0117 montuoti \u012fvairias parinktis, pavyzd\u017eiui, tepalo siurbl\u012f arba PTFE dangos versij\u0105, rei\u0161kia, kad jie taip pat tinkami naudoti matuojant dideliu apkrovimu.","og_url":"https:\/\/uabdtc.lt\/index.php\/produktas\/fluxi-2000-tz-turbininiai-duju-skaitikliai\/","og_site_name":"Duj\u0173 technikos centras","article_modified_time":"2023-01-30T13:45:31+00:00","og_image":[{"width":1000,"height":1000,"url":"https:\/\/uabdtc.lt\/wp-content\/uploads\/2023\/01\/Fluxi2000TZjpg-1.jpg","type":"image\/jpeg"}],"twitter_card":"summary_large_image","schema":{"@context":"https:\/\/schema.org","@graph":[{"@type":"WebPage","@id":"https:\/\/uabdtc.lt\/index.php\/produktas\/fluxi-2000-tz-turbininiai-duju-skaitikliai\/","url":"https:\/\/uabdtc.lt\/index.php\/produktas\/fluxi-2000-tz-turbininiai-duju-skaitikliai\/","name":"Fluxi 2000\/TZ Turbininiai duj\u0173 skaitikliai - Duj\u0173 technikos centras","isPartOf":{"@id":"https:\/\/uabdtc.lt\/#website"},"primaryImageOfPage":{"@id":"https:\/\/uabdtc.lt\/index.php\/produktas\/fluxi-2000-tz-turbininiai-duju-skaitikliai\/#primaryimage"},"image":{"@id":"https:\/\/uabdtc.lt\/index.php\/produktas\/fluxi-2000-tz-turbininiai-duju-skaitikliai\/#primaryimage"},"thumbnailUrl":"https:\/\/uabdtc.lt\/wp-content\/uploads\/2023\/01\/Fluxi2000TZjpg-1.jpg","datePublished":"2023-01-30T13:35:46+00:00","dateModified":"2023-01-30T13:45:31+00:00","breadcrumb":{"@id":"https:\/\/uabdtc.lt\/index.php\/produktas\/fluxi-2000-tz-turbininiai-duju-skaitikliai\/#breadcrumb"},"inLanguage":"lt-LT","potentialAction":[{"@type":"ReadAction","target":["https:\/\/uabdtc.lt\/index.php\/produktas\/fluxi-2000-tz-turbininiai-duju-skaitikliai\/"]}]},{"@type":"ImageObject","inLanguage":"lt-LT","@id":"https:\/\/uabdtc.lt\/index.php\/produktas\/fluxi-2000-tz-turbininiai-duju-skaitikliai\/#primaryimage","url":"https:\/\/uabdtc.lt\/wp-content\/uploads\/2023\/01\/Fluxi2000TZjpg-1.jpg","contentUrl":"https:\/\/uabdtc.lt\/wp-content\/uploads\/2023\/01\/Fluxi2000TZjpg-1.jpg","width":1000,"height":1000},{"@type":"BreadcrumbList","@id":"https:\/\/uabdtc.lt\/index.php\/produktas\/fluxi-2000-tz-turbininiai-duju-skaitikliai\/#breadcrumb","itemListElement":[{"@type":"ListItem","position":1,"name":"Home","item":"https:\/\/uabdtc.lt\/"},{"@type":"ListItem","position":2,"name":"Parduotuv\u0117","item":"https:\/\/uabdtc.lt\/index.php\/parduotuve\/"},{"@type":"ListItem","position":3,"name":"Fluxi 2000\/TZ Turbininiai duj\u0173 skaitikliai"}]},{"@type":"WebSite","@id":"https:\/\/uabdtc.lt\/#website","url":"https:\/\/uabdtc.lt\/","name":"Duj\u0173 technikos centras","description":"","publisher":{"@id":"https:\/\/uabdtc.lt\/#organization"},"potentialAction":[{"@type":"SearchAction","target":{"@type":"EntryPoint","urlTemplate":"https:\/\/uabdtc.lt\/?s={search_term_string}"},"query-input":{"@type":"PropertyValueSpecification","valueRequired":true,"valueName":"search_term_string"}}],"inLanguage":"lt-LT"},{"@type":"Organization","@id":"https:\/\/uabdtc.lt\/#organization","name":"Duj\u0173 technikos centras","url":"https:\/\/uabdtc.lt\/","logo":{"@type":"ImageObject","inLanguage":"lt-LT","@id":"https:\/\/uabdtc.lt\/#\/schema\/logo\/image\/","url":"","contentUrl":"","caption":"Duj\u0173 technikos centras"},"image":{"@id":"https:\/\/uabdtc.lt\/#\/schema\/logo\/image\/"}}]}},"_links":{"self":[{"href":"https:\/\/uabdtc.lt\/index.php\/wp-json\/wp\/v2\/product\/186","targetHints":{"allow":["GET"]}}],"collection":[{"href":"https:\/\/uabdtc.lt\/index.php\/wp-json\/wp\/v2\/product"}],"about":[{"href":"https:\/\/uabdtc.lt\/index.php\/wp-json\/wp\/v2\/types\/product"}],"wp:featuredmedia":[{"embeddable":true,"href":"https:\/\/uabdtc.lt\/index.php\/wp-json\/wp\/v2\/media\/188"}],"wp:attachment":[{"href":"https:\/\/uabdtc.lt\/index.php\/wp-json\/wp\/v2\/media?parent=186"}],"wp:term":[{"taxonomy":"product_brand","embeddable":true,"href":"https:\/\/uabdtc.lt\/index.php\/wp-json\/wp\/v2\/product_brand?post=186"},{"taxonomy":"product_cat","embeddable":true,"href":"https:\/\/uabdtc.lt\/index.php\/wp-json\/wp\/v2\/product_cat?post=186"},{"taxonomy":"product_tag","embeddable":true,"href":"https:\/\/uabdtc.lt\/index.php\/wp-json\/wp\/v2\/product_tag?post=186"}],"curies":[{"name":"wp","href":"https:\/\/api.w.org\/{rel}","templated":true}]}}